{"id":14408,"date":"2026-02-17T09:29:30","date_gmt":"2026-02-17T08:29:30","guid":{"rendered":"https:\/\/www.i-sec.com\/?post_type=vacancy&#038;p=14408"},"modified":"2026-03-13T13:02:21","modified_gmt":"2026-03-13T12:02:21","slug":"volljuristin-mit-schwerpunkt-arbeitsrecht-w-m-d-kelsterbach-frankfurt-main","status":"publish","type":"vacancy","link":"https:\/\/www.i-sec.com\/de\/jobs\/volljuristin-mit-schwerpunkt-arbeitsrecht-w-m-d-kelsterbach-frankfurt-main","title":{"rendered":"Volljurist:in mit Schwerpunkt Arbeitsrecht (w\/m\/d) Kelsterbach"},"content":{"rendered":"<p><strong>Die I-SEC-Gruppe ist auf die Durchf\u00fchrung von Luftsicherheitsdienstleistungen weltweit spezialisiert und hat ihren Hauptsitz in Amsterdam (NL). Als gr\u00f6\u00dfte Tochtergesellschaft, mit 2.600 Mitarbeitern, deckt die I-SEC Deutsche Luftsicherheit SE &amp; Co. KG das operative Gesch\u00e4ft an mehreren Flugh\u00e4fen in Deutschland ab. Unsere Aufgabe ist das Reisen sicher zu machen, durch Passagier- und Gep\u00e4ckkontrollen sowie der Absicherung der Flugh\u00e4fen.<\/strong><\/p>\n<p>F\u00fcr unser Headquarter in Kelsterbach suchen wir zum n\u00e4chstm\u00f6glichen Zeitpunkt eine\/n<\/p>\n<h3>Volljurist:in mit Schwerpunkt Arbeitsrecht (w\/m\/d)<\/h3>\n<p>&nbsp;<\/p>\n<h3>DAS ERWARTET DICH BEI UNS:<\/h3>\n<ul>\n<li><span style=\"font-weight: 400;\">Au\u00dfergerichtliche Vertretung in Arbeitsrechtsangelegenheiten<\/span><\/li>\n<li><span style=\"font-weight: 400;\">Kontrolle der aktuellen Rechtsprechung auf unternehmensspezifische Relevanz<\/span><\/li>\n<li><span style=\"font-weight: 400;\">Vertretung vor den Arbeits- und Sozialgerichten<\/span><\/li>\n<li><span style=\"font-weight: 400;\">Vertrauensvolle Zusammenarbeit mit der Niederlassungsleitung, der HR-Abteilung, Betriebsr\u00e4ten im Rahmen betriebsverfassungsrechtlicher Vorschriften sowie der Rechtsabteilung in unserem Headquarter<\/span><\/li>\n<li><span style=\"font-weight: 400;\">Verhandlung von Betriebsvereinbarungen und Begleitung von Mitbestimmungsverfahren<\/span><\/li>\n<li><span style=\"font-weight: 400;\">Auslegung und Umsetzung von tariflichen Regelungen<\/span><\/li>\n<li><span style=\"font-weight: 400;\">Beratung des Standortes Frankfurt in allen rechtlichen Angelegenheiten im Arbeits-, ggf. im Sozialversicherungsrecht<\/span><\/li>\n<li><span style=\"font-weight: 400;\">Kl\u00e4rung von Grundsatzfragen<\/span><\/li>\n<li><span style=\"font-weight: 400;\">Schulung, Betreuung und Beratung der Fach- und F\u00fchrungskr\u00e4fte in arbeitsrechtlichen Fragestellungen<\/span><\/li>\n<\/ul>\n<p>&nbsp;<\/p>\n<h3>DAMIT \u00dcBERZEUGST DU UNS:<\/h3>\n<ul>\n<li style=\"font-weight: 400;\"><span style=\"font-weight: 400;\">Erfolgreich abgeschlossenes Studium der Rechtswissenschaften mit zweitem Staatsexamen, w\u00fcnschenswert mit dem Schwerpunkt Arbeits- und Betriebsverfassungsrecht<\/span><\/li>\n<li style=\"font-weight: 400;\"><span style=\"font-weight: 400;\">Mind. 3-j\u00e4hrige Berufserfahrung in oben beschriebener oder \u00e4hnlicher Funktion<\/span><\/li>\n<li style=\"font-weight: 400;\"><span style=\"font-weight: 400;\">Erfahrung im Aviation-Umfeld von Vorteil<\/span><\/li>\n<li style=\"font-weight: 400;\"><span style=\"font-weight: 400;\">Strukturiertes, organisiertes und selbstst\u00e4ndiges Arbeiten<\/span><\/li>\n<li style=\"font-weight: 400;\"><span style=\"font-weight: 400;\">Ausgepr\u00e4gtes Kommunikations- und Verhandlungsgeschick<\/span><\/li>\n<li style=\"font-weight: 400;\"><span style=\"font-weight: 400;\">Unternehmerisches Denken und Handeln sowie Teamf\u00e4higkeit<\/span><\/li>\n<li style=\"font-weight: 400;\"><span style=\"font-weight: 400;\">Verhandlungssicherheit in deutscher und englischer Sprache<\/span><\/li>\n<\/ul>\n<p>&nbsp;<\/p>\n<h3>DARAUF KANNST DU DICH FREUEN:<\/h3>\n<ul>\n<li style=\"font-weight: 400;\"><span style=\"font-weight: 400;\"><strong>SORGLOS<\/strong> &#8211; Ein zukunftssicherer Job mit unbefristetem Arbeitsvertrag<\/span><\/li>\n<li style=\"font-weight: 400;\"><span style=\"font-weight: 400;\"><strong>WORK LIFE BALANCE<\/strong> &#8211; Sichere dir 30 Tage Urlaub direkt zu Beginn und verplane sie individuell<\/span><\/li>\n<li style=\"font-weight: 400;\"><span style=\"font-weight: 400;\"><strong>MOBILITY<\/strong> &#8211; Deutschlandticket oder Mitarbeiterparkplatz<\/span><\/li>\n<li style=\"font-weight: 400;\"><span style=\"font-weight: 400;\"><strong>DIENSTRAD<\/strong> &#8211; Ob f\u00fcr den t\u00e4glichen Weg ins B\u00fcro oder f\u00fcr Freizeitabenteuer. Nutze unser Angebot f\u00fcr g\u00fcnstiges Bike-Leasing (bei einem unbefristeten Arbeitsvertrag)<\/span><\/li>\n<li style=\"font-weight: 400;\"><span style=\"font-weight: 400;\"><strong>CORPORATE BENEFITS<\/strong> &#8211; Das Vorteilsportal f\u00fcr Mitarbeitende mit attraktiven Angeboten von starken Marken<\/span><\/li>\n<li style=\"font-weight: 400;\"><span style=\"font-weight: 400;\"><strong>ONBOARDING<\/strong> &#8211; Wir nehmen dich an die Hand und f\u00fchren dich ins Unternehmen ein mit dem Ziel der pers\u00f6nlichen und beruflichen Weiterentwicklung<\/span><\/li>\n<li style=\"font-weight: 400;\"><span style=\"font-weight: 400;\"><strong>EVENTS<\/strong> &#8211; Sommerfest, Weihnachtsfeier, regelm\u00e4\u00dfige Events &#8211; sei dabei!<\/span><\/li>\n<li style=\"font-weight: 400;\"><span style=\"font-weight: 400;\"><strong>GETR\u00c4NKE FLAT<\/strong> &#8211; Kaffee, Tee, Kakao und Wasser oder eine warme Br\u00fche 24\/7<\/span><\/li>\n<li style=\"font-weight: 400;\"><span style=\"font-weight: 400;\">Lass dich<strong> FAIRF\u00dcHREN<\/strong> &#8211; Durch eine kollegiale und teamorientierte Arbeitsatmosph\u00e4re mit flachen Hierarchien und Du-Kultur auf allen Ebenen<\/span><\/li>\n<\/ul>\n<h3><\/h3>\n<p>&nbsp;<\/p>\n<h3><strong>KLINGT INTERESSANT F\u00dcR DICH?<\/strong><\/h3>\n<p>Dann sende uns deine Bewerbungsunterlagen (Anschreiben, Lebenslauf, Zeugnisse als PDF) mit Deinem Gehaltswunsch und Deiner Verf\u00fcgbarkeit unter der Referenzbezeichnung <strong>LAW_HQ_0226<\/strong> per E-Mail an: <strong>bewerbung-hq@i-sec.com.<\/strong><\/p>\n<p>&nbsp;<\/p>\n","protected":false},"excerpt":{"rendered":"<p>F\u00fcr unser Headquarter in Kelsterbach suchen wir zum n\u00e4chstm\u00f6glichen Zeitpunkt eine\/n Volljurist:in mit Schwerpunkt Arbeitsrecht (w\/m\/d)<\/p>\n","protected":false},"featured_media":0,"template":"","meta":{"_acf_changed":false},"class_list":["post-14408","vacancy","type-vacancy","status-publish","hentry"],"acf":[],"yoast_head":"<!-- This site is optimized with the Yoast SEO plugin v26.9 - https:\/\/yoast.com\/product\/yoast-seo-wordpress\/ -->\n<title>Volljurist:in mit Schwerpunkt Arbeitsrecht (w\/m\/d) Kelsterbach - I-SEC<\/title>\n<meta name=\"robots\" content=\"index, follow, max-snippet:-1, max-image-preview:large, max-video-preview:-1\" \/>\n<link rel=\"canonical\" href=\"https:\/\/www.i-sec.com\/de\/jobs\/volljuristin-mit-schwerpunkt-arbeitsrecht-w-m-d-kelsterbach-frankfurt-main\" \/>\n<meta property=\"og:locale\" content=\"de_DE\" \/>\n<meta property=\"og:type\" content=\"article\" \/>\n<meta property=\"og:title\" content=\"Volljurist:in mit Schwerpunkt Arbeitsrecht (w\/m\/d) Kelsterbach - I-SEC\" \/>\n<meta property=\"og:description\" content=\"F\u00fcr unser Headquarter in Kelsterbach suchen wir zum n\u00e4chstm\u00f6glichen Zeitpunkt eine\/n Volljurist:in mit Schwerpunkt Arbeitsrecht (w\/m\/d)\" \/>\n<meta property=\"og:url\" content=\"https:\/\/www.i-sec.com\/de\/jobs\/volljuristin-mit-schwerpunkt-arbeitsrecht-w-m-d-kelsterbach-frankfurt-main\" \/>\n<meta property=\"og:site_name\" content=\"I-SEC\" \/>\n<meta property=\"article:modified_time\" content=\"2026-03-13T12:02:21+00:00\" \/>\n<meta name=\"twitter:card\" content=\"summary_large_image\" \/>\n<meta name=\"twitter:label1\" content=\"Gesch\u00e4tzte Lesezeit\" \/>\n\t<meta name=\"twitter:data1\" content=\"2\u00a0Minuten\" \/>\n<script type=\"application\/ld+json\" class=\"yoast-schema-graph\">{\"@context\":\"https:\/\/schema.org\",\"@graph\":[{\"@type\":\"WebPage\",\"@id\":\"https:\/\/www.i-sec.com\/de\/jobs\/volljuristin-mit-schwerpunkt-arbeitsrecht-w-m-d-kelsterbach-frankfurt-main\",\"url\":\"https:\/\/www.i-sec.com\/de\/jobs\/volljuristin-mit-schwerpunkt-arbeitsrecht-w-m-d-kelsterbach-frankfurt-main\",\"name\":\"Volljurist:in mit Schwerpunkt Arbeitsrecht (w\/m\/d) Kelsterbach - I-SEC\",\"isPartOf\":{\"@id\":\"https:\/\/www.i-sec.com\/de#website\"},\"datePublished\":\"2026-02-17T08:29:30+00:00\",\"dateModified\":\"2026-03-13T12:02:21+00:00\",\"breadcrumb\":{\"@id\":\"https:\/\/www.i-sec.com\/de\/jobs\/volljuristin-mit-schwerpunkt-arbeitsrecht-w-m-d-kelsterbach-frankfurt-main#breadcrumb\"},\"inLanguage\":\"de\",\"potentialAction\":[{\"@type\":\"ReadAction\",\"target\":[\"https:\/\/www.i-sec.com\/de\/jobs\/volljuristin-mit-schwerpunkt-arbeitsrecht-w-m-d-kelsterbach-frankfurt-main\"]}]},{\"@type\":\"BreadcrumbList\",\"@id\":\"https:\/\/www.i-sec.com\/de\/jobs\/volljuristin-mit-schwerpunkt-arbeitsrecht-w-m-d-kelsterbach-frankfurt-main#breadcrumb\",\"itemListElement\":[{\"@type\":\"ListItem\",\"position\":1,\"name\":\"Home\",\"item\":\"https:\/\/www.i-sec.com\/de\"},{\"@type\":\"ListItem\",\"position\":2,\"name\":\"Jobs\",\"item\":\"https:\/\/www.i-sec.com\/de\/jobs\"},{\"@type\":\"ListItem\",\"position\":3,\"name\":\"Volljurist:in mit Schwerpunkt Arbeitsrecht (w\/m\/d) Kelsterbach\"}]},{\"@type\":\"WebSite\",\"@id\":\"https:\/\/www.i-sec.com\/de#website\",\"url\":\"https:\/\/www.i-sec.com\/de\",\"name\":\"I-SEC\",\"description\":\"\",\"potentialAction\":[{\"@type\":\"SearchAction\",\"target\":{\"@type\":\"EntryPoint\",\"urlTemplate\":\"https:\/\/www.i-sec.com\/de?s={search_term_string}\"},\"query-input\":{\"@type\":\"PropertyValueSpecification\",\"valueRequired\":true,\"valueName\":\"search_term_string\"}}],\"inLanguage\":\"de\"}]}<\/script>\n<!-- \/ Yoast SEO plugin. -->","yoast_head_json":{"title":"Volljurist:in mit Schwerpunkt Arbeitsrecht (w\/m\/d) Kelsterbach - I-SEC","robots":{"index":"index","follow":"follow","max-snippet":"max-snippet:-1","max-image-preview":"max-image-preview:large","max-video-preview":"max-video-preview:-1"},"canonical":"https:\/\/www.i-sec.com\/de\/jobs\/volljuristin-mit-schwerpunkt-arbeitsrecht-w-m-d-kelsterbach-frankfurt-main","og_locale":"de_DE","og_type":"article","og_title":"Volljurist:in mit Schwerpunkt Arbeitsrecht (w\/m\/d) Kelsterbach - I-SEC","og_description":"F\u00fcr unser Headquarter in Kelsterbach suchen wir zum n\u00e4chstm\u00f6glichen Zeitpunkt eine\/n Volljurist:in mit Schwerpunkt Arbeitsrecht (w\/m\/d)","og_url":"https:\/\/www.i-sec.com\/de\/jobs\/volljuristin-mit-schwerpunkt-arbeitsrecht-w-m-d-kelsterbach-frankfurt-main","og_site_name":"I-SEC","article_modified_time":"2026-03-13T12:02:21+00:00","twitter_card":"summary_large_image","twitter_misc":{"Gesch\u00e4tzte Lesezeit":"2\u00a0Minuten"},"schema":{"@context":"https:\/\/schema.org","@graph":[{"@type":"WebPage","@id":"https:\/\/www.i-sec.com\/de\/jobs\/volljuristin-mit-schwerpunkt-arbeitsrecht-w-m-d-kelsterbach-frankfurt-main","url":"https:\/\/www.i-sec.com\/de\/jobs\/volljuristin-mit-schwerpunkt-arbeitsrecht-w-m-d-kelsterbach-frankfurt-main","name":"Volljurist:in mit Schwerpunkt Arbeitsrecht (w\/m\/d) Kelsterbach - I-SEC","isPartOf":{"@id":"https:\/\/www.i-sec.com\/de#website"},"datePublished":"2026-02-17T08:29:30+00:00","dateModified":"2026-03-13T12:02:21+00:00","breadcrumb":{"@id":"https:\/\/www.i-sec.com\/de\/jobs\/volljuristin-mit-schwerpunkt-arbeitsrecht-w-m-d-kelsterbach-frankfurt-main#breadcrumb"},"inLanguage":"de","potentialAction":[{"@type":"ReadAction","target":["https:\/\/www.i-sec.com\/de\/jobs\/volljuristin-mit-schwerpunkt-arbeitsrecht-w-m-d-kelsterbach-frankfurt-main"]}]},{"@type":"BreadcrumbList","@id":"https:\/\/www.i-sec.com\/de\/jobs\/volljuristin-mit-schwerpunkt-arbeitsrecht-w-m-d-kelsterbach-frankfurt-main#breadcrumb","itemListElement":[{"@type":"ListItem","position":1,"name":"Home","item":"https:\/\/www.i-sec.com\/de"},{"@type":"ListItem","position":2,"name":"Jobs","item":"https:\/\/www.i-sec.com\/de\/jobs"},{"@type":"ListItem","position":3,"name":"Volljurist:in mit Schwerpunkt Arbeitsrecht (w\/m\/d) Kelsterbach"}]},{"@type":"WebSite","@id":"https:\/\/www.i-sec.com\/de#website","url":"https:\/\/www.i-sec.com\/de","name":"I-SEC","description":"","potentialAction":[{"@type":"SearchAction","target":{"@type":"EntryPoint","urlTemplate":"https:\/\/www.i-sec.com\/de?s={search_term_string}"},"query-input":{"@type":"PropertyValueSpecification","valueRequired":true,"valueName":"search_term_string"}}],"inLanguage":"de"}]}},"_links":{"self":[{"href":"https:\/\/www.i-sec.com\/de\/wp-json\/wp\/v2\/vacancy\/14408","targetHints":{"allow":["GET"]}}],"collection":[{"href":"https:\/\/www.i-sec.com\/de\/wp-json\/wp\/v2\/vacancy"}],"about":[{"href":"https:\/\/www.i-sec.com\/de\/wp-json\/wp\/v2\/types\/vacancy"}],"wp:attachment":[{"href":"https:\/\/www.i-sec.com\/de\/wp-json\/wp\/v2\/media?parent=14408"}],"curies":[{"name":"wp","href":"https:\/\/api.w.org\/{rel}","templated":true}]}}

<p><strong>Die I-SEC-Gruppe ist auf die Durchführung von Luftsicherheitsdienstleistungen weltweit spezialisiert und hat ihren Hauptsitz in Amsterdam (NL). Als größte Tochtergesellschaft, mit 2.600 Mitarbeitern, deckt die I-SEC Deutsche Luftsicherheit SE &amp; Co. KG das operative Geschäft an mehreren Flughäfen in Deutschland ab. Unsere Aufgabe ist das Reisen sicher zu machen, durch Passagier- und Gepäckkontrollen sowie der Absicherung der Flughäfen.</strong></p>
<p>Für unser Headquarter in Kelsterbach suchen wir zum nächstmöglichen Zeitpunkt eine/n</p>
<h3>Volljurist:in mit Schwerpunkt Arbeitsrecht (w/m/d)</h3>
<p>&nbsp;</p>
<h3>DAS ERWARTET DICH BEI UNS:</h3>
<ul>
<li><span style="font-weight: 400;">Außergerichtliche Vertretung in Arbeitsrechtsangelegenheiten</span></li>
<li><span style="font-weight: 400;">Kontrolle der aktuellen Rechtsprechung auf unternehmensspezifische Relevanz</span></li>
<li><span style="font-weight: 400;">Vertretung vor den Arbeits- und Sozialgerichten</span></li>
<li><span style="font-weight: 400;">Vertrauensvolle Zusammenarbeit mit der Niederlassungsleitung, der HR-Abteilung, Betriebsräten im Rahmen betriebsverfassungsrechtlicher Vorschriften sowie der Rechtsabteilung in unserem Headquarter</span></li>
<li><span style="font-weight: 400;">Verhandlung von Betriebsvereinbarungen und Begleitung von Mitbestimmungsverfahren</span></li>
<li><span style="font-weight: 400;">Auslegung und Umsetzung von tariflichen Regelungen</span></li>
<li><span style="font-weight: 400;">Beratung des Standortes Frankfurt in allen rechtlichen Angelegenheiten im Arbeits-, ggf. im Sozialversicherungsrecht</span></li>
<li><span style="font-weight: 400;">Klärung von Grundsatzfragen</span></li>
<li><span style="font-weight: 400;">Schulung, Betreuung und Beratung der Fach- und Führungskräfte in arbeitsrechtlichen Fragestellungen</span></li>
</ul>
<p>&nbsp;</p>
<h3>DAMIT ÜBERZEUGST DU UNS:</h3>
<ul>
<li style="font-weight: 400;"><span style="font-weight: 400;">Erfolgreich abgeschlossenes Studium der Rechtswissenschaften mit zweitem Staatsexamen, wünschenswert mit dem Schwerpunkt Arbeits- und Betriebsverfassungsrecht</span></li>
<li style="font-weight: 400;"><span style="font-weight: 400;">Mind. 3-jährige Berufserfahrung in oben beschriebener oder ähnlicher Funktion</span></li>
<li style="font-weight: 400;"><span style="font-weight: 400;">Erfahrung im Aviation-Umfeld von Vorteil</span></li>
<li style="font-weight: 400;"><span style="font-weight: 400;">Strukturiertes, organisiertes und selbstständiges Arbeiten</span></li>
<li style="font-weight: 400;"><span style="font-weight: 400;">Ausgeprägtes Kommunikations- und Verhandlungsgeschick</span></li>
<li style="font-weight: 400;"><span style="font-weight: 400;">Unternehmerisches Denken und Handeln sowie Teamfähigkeit</span></li>
<li style="font-weight: 400;"><span style="font-weight: 400;">Verhandlungssicherheit in deutscher und englischer Sprache</span></li>
</ul>
<p>&nbsp;</p>
<h3>DARAUF KANNST DU DICH FREUEN:</h3>
<ul>
<li style="font-weight: 400;"><span style="font-weight: 400;"><strong>SORGLOS</strong> &#8211; Ein zukunftssicherer Job mit unbefristetem Arbeitsvertrag</span></li>
<li style="font-weight: 400;"><span style="font-weight: 400;"><strong>WORK LIFE BALANCE</strong> &#8211; Sichere dir 30 Tage Urlaub direkt zu Beginn und verplane sie individuell</span></li>
<li style="font-weight: 400;"><span style="font-weight: 400;"><strong>MOBILITY</strong> &#8211; Deutschlandticket oder Mitarbeiterparkplatz</span></li>
<li style="font-weight: 400;"><span style="font-weight: 400;"><strong>DIENSTRAD</strong> &#8211; Ob für den täglichen Weg ins Büro oder für Freizeitabenteuer. Nutze unser Angebot für günstiges Bike-Leasing (bei einem unbefristeten Arbeitsvertrag)</span></li>
<li style="font-weight: 400;"><span style="font-weight: 400;"><strong>CORPORATE BENEFITS</strong> &#8211; Das Vorteilsportal für Mitarbeitende mit attraktiven Angeboten von starken Marken</span></li>
<li style="font-weight: 400;"><span style="font-weight: 400;"><strong>ONBOARDING</strong> &#8211; Wir nehmen dich an die Hand und führen dich ins Unternehmen ein mit dem Ziel der persönlichen und beruflichen Weiterentwicklung</span></li>
<li style="font-weight: 400;"><span style="font-weight: 400;"><strong>EVENTS</strong> &#8211; Sommerfest, Weihnachtsfeier, regelmäßige Events &#8211; sei dabei!</span></li>
<li style="font-weight: 400;"><span style="font-weight: 400;"><strong>GETRÄNKE FLAT</strong> &#8211; Kaffee, Tee, Kakao und Wasser oder eine warme Brühe 24/7</span></li>
<li style="font-weight: 400;"><span style="font-weight: 400;">Lass dich<strong> FAIRFÜHREN</strong> &#8211; Durch eine kollegiale und teamorientierte Arbeitsatmosphäre mit flachen Hierarchien und Du-Kultur auf allen Ebenen</span></li>
</ul>
<h3></h3>
<p>&nbsp;</p>
<h3><strong>KLINGT INTERESSANT FÜR DICH?</strong></h3>
<p>Dann sende uns deine Bewerbungsunterlagen (Anschreiben, Lebenslauf, Zeugnisse als PDF) mit Deinem Gehaltswunsch und Deiner Verfügbarkeit unter der Referenzbezeichnung <strong>LAW_HQ_0226</strong> per E-Mail an: <strong>bewerbung-hq@i-sec.com.</strong></p>
<p>&nbsp;</p>

<p>Für unser Headquarter in Kelsterbach suchen wir zum nächstmöglichen Zeitpunkt eine/n Volljurist:in mit Schwerpunkt Arbeitsrecht (w/m/d)</p>

<!-- This site is optimized with the Yoast SEO plugin v26.9 - https://yoast.com/product/yoast-seo-wordpress/ -->
<title>Volljurist:in mit Schwerpunkt Arbeitsrecht (w/m/d) Kelsterbach - I-SEC</title>
<meta name="robots" content="index, follow, max-snippet:-1, max-image-preview:large, max-video-preview:-1" />
<link rel="canonical" href="https://www.i-sec.com/de/jobs/volljuristin-mit-schwerpunkt-arbeitsrecht-w-m-d-kelsterbach-frankfurt-main" />
<meta property="og:locale" content="de_DE" />
<meta property="og:type" content="article" />
<meta property="og:title" content="Volljurist:in mit Schwerpunkt Arbeitsrecht (w/m/d) Kelsterbach - I-SEC" />
<meta property="og:description" content="Für unser Headquarter in Kelsterbach suchen wir zum nächstmöglichen Zeitpunkt eine/n Volljurist:in mit Schwerpunkt Arbeitsrecht (w/m/d)" />
<meta property="og:url" content="https://www.i-sec.com/de/jobs/volljuristin-mit-schwerpunkt-arbeitsrecht-w-m-d-kelsterbach-frankfurt-main" />
<meta property="og:site_name" content="I-SEC" />
<meta property="article:modified_time" content="2026-03-13T12:02:21+00:00" />
<meta name="twitter:card" content="summary_large_image" />
<meta name="twitter:label1" content="Geschätzte Lesezeit" />
	<meta name="twitter:data1" content="2 Minuten" />
<script type="application/ld+json" class="yoast-schema-graph">{"@context":"https://schema.org","@graph":[{"@type":"WebPage","@id":"https://www.i-sec.com/de/jobs/volljuristin-mit-schwerpunkt-arbeitsrecht-w-m-d-kelsterbach-frankfurt-main","url":"https://www.i-sec.com/de/jobs/volljuristin-mit-schwerpunkt-arbeitsrecht-w-m-d-kelsterbach-frankfurt-main","name":"Volljurist:in mit Schwerpunkt Arbeitsrecht (w/m/d) Kelsterbach - I-SEC","isPartOf":{"@id":"https://www.i-sec.com/de#website"},"datePublished":"2026-02-17T08:29:30+00:00","dateModified":"2026-03-13T12:02:21+00:00","breadcrumb":{"@id":"https://www.i-sec.com/de/jobs/volljuristin-mit-schwerpunkt-arbeitsrecht-w-m-d-kelsterbach-frankfurt-main#breadcrumb"},"inLanguage":"de","potentialAction":[{"@type":"ReadAction","target":["https://www.i-sec.com/de/jobs/volljuristin-mit-schwerpunkt-arbeitsrecht-w-m-d-kelsterbach-frankfurt-main"]}]},{"@type":"BreadcrumbList","@id":"https://www.i-sec.com/de/jobs/volljuristin-mit-schwerpunkt-arbeitsrecht-w-m-d-kelsterbach-frankfurt-main#breadcrumb","itemListElement":[{"@type":"ListItem","position":1,"name":"Home","item":"https://www.i-sec.com/de"},{"@type":"ListItem","position":2,"name":"Jobs","item":"https://www.i-sec.com/de/jobs"},{"@type":"ListItem","position":3,"name":"Volljurist:in mit Schwerpunkt Arbeitsrecht (w/m/d) Kelsterbach"}]},{"@type":"WebSite","@id":"https://www.i-sec.com/de#website","url":"https://www.i-sec.com/de","name":"I-SEC","description":"","potentialAction":[{"@type":"SearchAction","target":{"@type":"EntryPoint","urlTemplate":"https://www.i-sec.com/de?s={search_term_string}"},"query-input":{"@type":"PropertyValueSpecification","valueRequired":true,"valueName":"search_term_string"}}],"inLanguage":"de"}]}</script>
<!-- / Yoast SEO plugin. -->

Für unser Headquarter in Kelsterbach suchen wir zum nächstmöglichen Zeitpunkt eine/n Volljurist:in mit Schwerpunkt Arbeitsrecht (w/m/d)
