{"id":13994,"date":"2026-01-30T13:22:30","date_gmt":"2026-01-30T12:22:30","guid":{"rendered":"https:\/\/www.i-sec.com\/?post_type=vacancy&#038;p=13994"},"modified":"2026-01-30T13:49:45","modified_gmt":"2026-01-30T12:49:45","slug":"ausgebildetes-luftsicherheitskontrollpersonal-m-w-d-2-copy-copy-3","status":"publish","type":"vacancy","link":"https:\/\/www.i-sec.com\/de\/jobs\/ausgebildetes-luftsicherheitskontrollpersonal-m-w-d-2-copy-copy-3","title":{"rendered":"Kaufm\u00e4nnische\/n Sachbearbeiter\/-in (w\/m\/d) in Teilzeit Karlsruhe\/Baden-Baden"},"content":{"rendered":"<p><strong>Die I-SEC-Gruppe ist auf die Durchf\u00fchrung von Luftsicherheitsdienstleistungen weltweit spezialisiert und hat ihren Hauptsitz in Amsterdam (NL). Als gr\u00f6\u00dfte Tochtergesellschaft mit 2.600 Mitarbeitern, deckt die I-SEC Deutsche Luftsicherheit SE &amp; Co. KG das operative Gesch\u00e4ft an mehreren Flugh\u00e4fen in Deutschland ab. Unsere Mission ist die Gew\u00e4hrleistung der Luftsicherheit. Dabei umfasst unser Aufgabenbereich die Passagier- und Gep\u00e4ckkontrollen sowie die Absicherung der Flugh\u00e4fen.<\/strong><\/p>\n<p>F\u00fcr unseren Standort Flughafen Karlsruhe Baden-Baden suchen wir zum n\u00e4chstm\u00f6glichen Zeitpunkt eine\/n<\/p>\n<h3><strong>Kaufm\u00e4nnische\/n Sachbearbeiter\/-in (w\/m\/d) in Teilzeit<\/strong><\/h3>\n<p>&nbsp;<\/p>\n<h3><strong>DAS ERWARTET DICH BEI UNS:<\/strong><\/h3>\n<ul>\n<li>Terminierung und Koordination arbeitsmedizinischer Untersuchungen<\/li>\n<li>Pr\u00fcfung und Weiterleitung von Antr\u00e4gen<\/li>\n<li>Lokaler Ansprechpartner f\u00fcr HR-Themen<\/li>\n<li>Bearbeitung der eingehenden und ausgehenden Post<\/li>\n<li>Weiterleitung von Unterlagen an das Headquarter in Kelsterbach<\/li>\n<li>Allgemeine administrative und organisatorische T\u00e4tigkeiten im kaufm\u00e4nnischen Bereich<\/li>\n<\/ul>\n<p>&nbsp;<\/p>\n<h3>DAMIT \u00dcBERZEUGST DU UNS:<\/h3>\n<ul>\n<li>Abgeschlossene kaufm\u00e4nnische Ausbildung oder vergleichbare Qualifikation<\/li>\n<li>Organisationsgeschick und selbstst\u00e4ndige Arbeitsweise<\/li>\n<li>Sicherer Umgang mit den g\u00e4ngigen MS-Office-Anwendungen<\/li>\n<li>Kenntnisse in DATEV, ELO und Rexx w\u00fcnschenswert<\/li>\n<li>Kommunikationsst\u00e4rke und Teamf\u00e4higkeit<\/li>\n<li>Zuverl\u00e4ssigkeit und Diskretion<\/li>\n<\/ul>\n<p>&nbsp;<\/p>\n<h3>DARAUF KANNST DU DICH FREUEN:<\/h3>\n<ul>\n<li><strong>SORGLOS<\/strong> &#8211; Ein zukunftssicherer Job mit unbefristetem Arbeitsvertrag<\/li>\n<li><strong>WORK LIFE BALANCE<\/strong> &#8211; Sichere dir 30 Tage Urlaub direkt zu Beginn und verplane sie individuell<\/li>\n<li><strong>MOBILITY<\/strong> &#8211; Deutschlandticket oder Mitarbeiterparkplatz<\/li>\n<li><strong>DIENSTRAD<\/strong> &#8211; Ob f\u00fcr den t\u00e4glichen Weg ins B\u00fcro oder f\u00fcr Freizeitabenteuer. Nutze unser Angebot f\u00fcr g\u00fcnstiges Bike-Leasing (bei einem unbefristeten Arbeitsvertrag)<\/li>\n<li><strong>CORPORATE BENEFITS<\/strong> &#8211; Das Vorteilsportal f\u00fcr Mitarbeitende mit attraktiven Angeboten von starken Marken<\/li>\n<li><strong>ONBOARDING<\/strong> &#8211; Wir nehmen dich an die Hand und f\u00fchren dich ins Unternehmen ein mit dem Ziel der pers\u00f6nlichen und beruflichen Weiterentwicklung<\/li>\n<li><strong>EVENTS<\/strong> &#8211; Sommerfest, Weihnachtsfeier, regelm\u00e4\u00dfige Events &#8211; sei dabei!<\/li>\n<li>Lass dich <strong>FAIRF\u00dcHREN<\/strong> &#8211; Durch eine kollegiale und teamorientierte Arbeitsatmosph\u00e4re mit flachen Hierarchien und Du-Kultur auf allen Ebenen<\/li>\n<\/ul>\n<p>&nbsp;<\/p>\n<h3><strong>KLINGT INTERESSANT F\u00dcR DICH?<\/strong><\/h3>\n<p>Dann sende uns deine Bewerbungsunterlagen (Anschreiben, Lebenslauf, Zeugnisse als PDF) mit Deinem Gehaltswunsch und Deiner Verf\u00fcgbarkeit unter der Referenzbezeichnung: <strong>KFMA_FKB_0125<\/strong> per E-Mail an <strong>bewerbung-hq@i-sec.com<\/strong><\/p>\n","protected":false},"excerpt":{"rendered":"<p>F\u00fcr unseren Standort Flughafen Karlsruhe Baden-Baden suchen wir zum n\u00e4chstm\u00f6glichen Zeitpunkt eine\/n Kaufm\u00e4nnische\/n Sachbearbeiter\/-in (w\/m\/d) in Teilzeit<\/p>\n","protected":false},"featured_media":0,"template":"","meta":{"_acf_changed":false},"class_list":["post-13994","vacancy","type-vacancy","status-publish","hentry"],"acf":[],"yoast_head":"<!-- This site is optimized with the Yoast SEO plugin v26.9 - https:\/\/yoast.com\/product\/yoast-seo-wordpress\/ -->\n<title>Kaufm\u00e4nnische\/n Sachbearbeiter\/-in (w\/m\/d) in Teilzeit Karlsruhe\/Baden-Baden - I-SEC<\/title>\n<meta name=\"robots\" content=\"index, follow, max-snippet:-1, max-image-preview:large, max-video-preview:-1\" \/>\n<link rel=\"canonical\" href=\"https:\/\/www.i-sec.com\/de\/jobs\/ausgebildetes-luftsicherheitskontrollpersonal-m-w-d-2-copy-copy-3\" \/>\n<meta property=\"og:locale\" content=\"de_DE\" \/>\n<meta property=\"og:type\" content=\"article\" \/>\n<meta property=\"og:title\" content=\"Kaufm\u00e4nnische\/n Sachbearbeiter\/-in (w\/m\/d) in Teilzeit Karlsruhe\/Baden-Baden - I-SEC\" \/>\n<meta property=\"og:description\" content=\"F\u00fcr unseren Standort Flughafen Karlsruhe Baden-Baden suchen wir zum n\u00e4chstm\u00f6glichen Zeitpunkt eine\/n Kaufm\u00e4nnische\/n Sachbearbeiter\/-in (w\/m\/d) in Teilzeit\" \/>\n<meta property=\"og:url\" content=\"https:\/\/www.i-sec.com\/de\/jobs\/ausgebildetes-luftsicherheitskontrollpersonal-m-w-d-2-copy-copy-3\" \/>\n<meta property=\"og:site_name\" content=\"I-SEC\" \/>\n<meta property=\"article:modified_time\" content=\"2026-01-30T12:49:45+00:00\" \/>\n<meta name=\"twitter:card\" content=\"summary_large_image\" \/>\n<meta name=\"twitter:label1\" content=\"Gesch\u00e4tzte Lesezeit\" \/>\n\t<meta name=\"twitter:data1\" content=\"2\u00a0Minuten\" \/>\n<script type=\"application\/ld+json\" class=\"yoast-schema-graph\">{\"@context\":\"https:\/\/schema.org\",\"@graph\":[{\"@type\":\"WebPage\",\"@id\":\"https:\/\/www.i-sec.com\/de\/jobs\/ausgebildetes-luftsicherheitskontrollpersonal-m-w-d-2-copy-copy-3\",\"url\":\"https:\/\/www.i-sec.com\/de\/jobs\/ausgebildetes-luftsicherheitskontrollpersonal-m-w-d-2-copy-copy-3\",\"name\":\"Kaufm\u00e4nnische\/n Sachbearbeiter\/-in (w\/m\/d) in Teilzeit Karlsruhe\/Baden-Baden - I-SEC\",\"isPartOf\":{\"@id\":\"https:\/\/www.i-sec.com\/de#website\"},\"datePublished\":\"2026-01-30T12:22:30+00:00\",\"dateModified\":\"2026-01-30T12:49:45+00:00\",\"breadcrumb\":{\"@id\":\"https:\/\/www.i-sec.com\/de\/jobs\/ausgebildetes-luftsicherheitskontrollpersonal-m-w-d-2-copy-copy-3#breadcrumb\"},\"inLanguage\":\"de\",\"potentialAction\":[{\"@type\":\"ReadAction\",\"target\":[\"https:\/\/www.i-sec.com\/de\/jobs\/ausgebildetes-luftsicherheitskontrollpersonal-m-w-d-2-copy-copy-3\"]}]},{\"@type\":\"BreadcrumbList\",\"@id\":\"https:\/\/www.i-sec.com\/de\/jobs\/ausgebildetes-luftsicherheitskontrollpersonal-m-w-d-2-copy-copy-3#breadcrumb\",\"itemListElement\":[{\"@type\":\"ListItem\",\"position\":1,\"name\":\"Home\",\"item\":\"https:\/\/www.i-sec.com\/de\"},{\"@type\":\"ListItem\",\"position\":2,\"name\":\"Jobs\",\"item\":\"https:\/\/www.i-sec.com\/de\/jobs\"},{\"@type\":\"ListItem\",\"position\":3,\"name\":\"Kaufm\u00e4nnische\/n Sachbearbeiter\/-in (w\/m\/d) in Teilzeit Karlsruhe\/Baden-Baden\"}]},{\"@type\":\"WebSite\",\"@id\":\"https:\/\/www.i-sec.com\/de#website\",\"url\":\"https:\/\/www.i-sec.com\/de\",\"name\":\"I-SEC\",\"description\":\"\",\"potentialAction\":[{\"@type\":\"SearchAction\",\"target\":{\"@type\":\"EntryPoint\",\"urlTemplate\":\"https:\/\/www.i-sec.com\/de?s={search_term_string}\"},\"query-input\":{\"@type\":\"PropertyValueSpecification\",\"valueRequired\":true,\"valueName\":\"search_term_string\"}}],\"inLanguage\":\"de\"}]}<\/script>\n<!-- \/ Yoast SEO plugin. -->","yoast_head_json":{"title":"Kaufm\u00e4nnische\/n Sachbearbeiter\/-in (w\/m\/d) in Teilzeit Karlsruhe\/Baden-Baden - I-SEC","robots":{"index":"index","follow":"follow","max-snippet":"max-snippet:-1","max-image-preview":"max-image-preview:large","max-video-preview":"max-video-preview:-1"},"canonical":"https:\/\/www.i-sec.com\/de\/jobs\/ausgebildetes-luftsicherheitskontrollpersonal-m-w-d-2-copy-copy-3","og_locale":"de_DE","og_type":"article","og_title":"Kaufm\u00e4nnische\/n Sachbearbeiter\/-in (w\/m\/d) in Teilzeit Karlsruhe\/Baden-Baden - I-SEC","og_description":"F\u00fcr unseren Standort Flughafen Karlsruhe Baden-Baden suchen wir zum n\u00e4chstm\u00f6glichen Zeitpunkt eine\/n Kaufm\u00e4nnische\/n Sachbearbeiter\/-in (w\/m\/d) in Teilzeit","og_url":"https:\/\/www.i-sec.com\/de\/jobs\/ausgebildetes-luftsicherheitskontrollpersonal-m-w-d-2-copy-copy-3","og_site_name":"I-SEC","article_modified_time":"2026-01-30T12:49:45+00:00","twitter_card":"summary_large_image","twitter_misc":{"Gesch\u00e4tzte Lesezeit":"2\u00a0Minuten"},"schema":{"@context":"https:\/\/schema.org","@graph":[{"@type":"WebPage","@id":"https:\/\/www.i-sec.com\/de\/jobs\/ausgebildetes-luftsicherheitskontrollpersonal-m-w-d-2-copy-copy-3","url":"https:\/\/www.i-sec.com\/de\/jobs\/ausgebildetes-luftsicherheitskontrollpersonal-m-w-d-2-copy-copy-3","name":"Kaufm\u00e4nnische\/n Sachbearbeiter\/-in (w\/m\/d) in Teilzeit Karlsruhe\/Baden-Baden - I-SEC","isPartOf":{"@id":"https:\/\/www.i-sec.com\/de#website"},"datePublished":"2026-01-30T12:22:30+00:00","dateModified":"2026-01-30T12:49:45+00:00","breadcrumb":{"@id":"https:\/\/www.i-sec.com\/de\/jobs\/ausgebildetes-luftsicherheitskontrollpersonal-m-w-d-2-copy-copy-3#breadcrumb"},"inLanguage":"de","potentialAction":[{"@type":"ReadAction","target":["https:\/\/www.i-sec.com\/de\/jobs\/ausgebildetes-luftsicherheitskontrollpersonal-m-w-d-2-copy-copy-3"]}]},{"@type":"BreadcrumbList","@id":"https:\/\/www.i-sec.com\/de\/jobs\/ausgebildetes-luftsicherheitskontrollpersonal-m-w-d-2-copy-copy-3#breadcrumb","itemListElement":[{"@type":"ListItem","position":1,"name":"Home","item":"https:\/\/www.i-sec.com\/de"},{"@type":"ListItem","position":2,"name":"Jobs","item":"https:\/\/www.i-sec.com\/de\/jobs"},{"@type":"ListItem","position":3,"name":"Kaufm\u00e4nnische\/n Sachbearbeiter\/-in (w\/m\/d) in Teilzeit Karlsruhe\/Baden-Baden"}]},{"@type":"WebSite","@id":"https:\/\/www.i-sec.com\/de#website","url":"https:\/\/www.i-sec.com\/de","name":"I-SEC","description":"","potentialAction":[{"@type":"SearchAction","target":{"@type":"EntryPoint","urlTemplate":"https:\/\/www.i-sec.com\/de?s={search_term_string}"},"query-input":{"@type":"PropertyValueSpecification","valueRequired":true,"valueName":"search_term_string"}}],"inLanguage":"de"}]}},"_links":{"self":[{"href":"https:\/\/www.i-sec.com\/de\/wp-json\/wp\/v2\/vacancy\/13994","targetHints":{"allow":["GET"]}}],"collection":[{"href":"https:\/\/www.i-sec.com\/de\/wp-json\/wp\/v2\/vacancy"}],"about":[{"href":"https:\/\/www.i-sec.com\/de\/wp-json\/wp\/v2\/types\/vacancy"}],"wp:attachment":[{"href":"https:\/\/www.i-sec.com\/de\/wp-json\/wp\/v2\/media?parent=13994"}],"curies":[{"name":"wp","href":"https:\/\/api.w.org\/{rel}","templated":true}]}}

Kaufmännische/n Sachbearbeiter/-in (w/m/d) in Teilzeit Karlsruhe/Baden-Baden

<p><strong>Die I-SEC-Gruppe ist auf die Durchführung von Luftsicherheitsdienstleistungen weltweit spezialisiert und hat ihren Hauptsitz in Amsterdam (NL). Als größte Tochtergesellschaft mit 2.600 Mitarbeitern, deckt die I-SEC Deutsche Luftsicherheit SE &amp; Co. KG das operative Geschäft an mehreren Flughäfen in Deutschland ab. Unsere Mission ist die Gewährleistung der Luftsicherheit. Dabei umfasst unser Aufgabenbereich die Passagier- und Gepäckkontrollen sowie die Absicherung der Flughäfen.</strong></p>
<p>Für unseren Standort Flughafen Karlsruhe Baden-Baden suchen wir zum nächstmöglichen Zeitpunkt eine/n</p>
<h3><strong>Kaufmännische/n Sachbearbeiter/-in (w/m/d) in Teilzeit</strong></h3>
<p>&nbsp;</p>
<h3><strong>DAS ERWARTET DICH BEI UNS:</strong></h3>
<ul>
<li>Terminierung und Koordination arbeitsmedizinischer Untersuchungen</li>
<li>Prüfung und Weiterleitung von Anträgen</li>
<li>Lokaler Ansprechpartner für HR-Themen</li>
<li>Bearbeitung der eingehenden und ausgehenden Post</li>
<li>Weiterleitung von Unterlagen an das Headquarter in Kelsterbach</li>
<li>Allgemeine administrative und organisatorische Tätigkeiten im kaufmännischen Bereich</li>
</ul>
<p>&nbsp;</p>
<h3>DAMIT ÜBERZEUGST DU UNS:</h3>
<ul>
<li>Abgeschlossene kaufmännische Ausbildung oder vergleichbare Qualifikation</li>
<li>Organisationsgeschick und selbstständige Arbeitsweise</li>
<li>Sicherer Umgang mit den gängigen MS-Office-Anwendungen</li>
<li>Kenntnisse in DATEV, ELO und Rexx wünschenswert</li>
<li>Kommunikationsstärke und Teamfähigkeit</li>
<li>Zuverlässigkeit und Diskretion</li>
</ul>
<p>&nbsp;</p>
<h3>DARAUF KANNST DU DICH FREUEN:</h3>
<ul>
<li><strong>SORGLOS</strong> &#8211; Ein zukunftssicherer Job mit unbefristetem Arbeitsvertrag</li>
<li><strong>WORK LIFE BALANCE</strong> &#8211; Sichere dir 30 Tage Urlaub direkt zu Beginn und verplane sie individuell</li>
<li><strong>MOBILITY</strong> &#8211; Deutschlandticket oder Mitarbeiterparkplatz</li>
<li><strong>DIENSTRAD</strong> &#8211; Ob für den täglichen Weg ins Büro oder für Freizeitabenteuer. Nutze unser Angebot für günstiges Bike-Leasing (bei einem unbefristeten Arbeitsvertrag)</li>
<li><strong>CORPORATE BENEFITS</strong> &#8211; Das Vorteilsportal für Mitarbeitende mit attraktiven Angeboten von starken Marken</li>
<li><strong>ONBOARDING</strong> &#8211; Wir nehmen dich an die Hand und führen dich ins Unternehmen ein mit dem Ziel der persönlichen und beruflichen Weiterentwicklung</li>
<li><strong>EVENTS</strong> &#8211; Sommerfest, Weihnachtsfeier, regelmäßige Events &#8211; sei dabei!</li>
<li>Lass dich <strong>FAIRFÜHREN</strong> &#8211; Durch eine kollegiale und teamorientierte Arbeitsatmosphäre mit flachen Hierarchien und Du-Kultur auf allen Ebenen</li>
</ul>
<p>&nbsp;</p>
<h3><strong>KLINGT INTERESSANT FÜR DICH?</strong></h3>
<p>Dann sende uns deine Bewerbungsunterlagen (Anschreiben, Lebenslauf, Zeugnisse als PDF) mit Deinem Gehaltswunsch und Deiner Verfügbarkeit unter der Referenzbezeichnung: <strong>KFMA_FKB_0125</strong> per E-Mail an <strong>bewerbung-hq@i-sec.com</strong></p>

<p>Für unseren Standort Flughafen Karlsruhe Baden-Baden suchen wir zum nächstmöglichen Zeitpunkt eine/n Kaufmännische/n Sachbearbeiter/-in (w/m/d) in Teilzeit</p>

<!-- This site is optimized with the Yoast SEO plugin v26.9 - https://yoast.com/product/yoast-seo-wordpress/ -->
<title>Kaufmännische/n Sachbearbeiter/-in (w/m/d) in Teilzeit Karlsruhe/Baden-Baden - I-SEC</title>
<meta name="robots" content="index, follow, max-snippet:-1, max-image-preview:large, max-video-preview:-1" />
<link rel="canonical" href="https://www.i-sec.com/de/jobs/ausgebildetes-luftsicherheitskontrollpersonal-m-w-d-2-copy-copy-3" />
<meta property="og:locale" content="de_DE" />
<meta property="og:type" content="article" />
<meta property="og:title" content="Kaufmännische/n Sachbearbeiter/-in (w/m/d) in Teilzeit Karlsruhe/Baden-Baden - I-SEC" />
<meta property="og:description" content="Für unseren Standort Flughafen Karlsruhe Baden-Baden suchen wir zum nächstmöglichen Zeitpunkt eine/n Kaufmännische/n Sachbearbeiter/-in (w/m/d) in Teilzeit" />
<meta property="og:url" content="https://www.i-sec.com/de/jobs/ausgebildetes-luftsicherheitskontrollpersonal-m-w-d-2-copy-copy-3" />
<meta property="og:site_name" content="I-SEC" />
<meta property="article:modified_time" content="2026-01-30T12:49:45+00:00" />
<meta name="twitter:card" content="summary_large_image" />
<meta name="twitter:label1" content="Geschätzte Lesezeit" />
	<meta name="twitter:data1" content="2 Minuten" />
<script type="application/ld+json" class="yoast-schema-graph">{"@context":"https://schema.org","@graph":[{"@type":"WebPage","@id":"https://www.i-sec.com/de/jobs/ausgebildetes-luftsicherheitskontrollpersonal-m-w-d-2-copy-copy-3","url":"https://www.i-sec.com/de/jobs/ausgebildetes-luftsicherheitskontrollpersonal-m-w-d-2-copy-copy-3","name":"Kaufmännische/n Sachbearbeiter/-in (w/m/d) in Teilzeit Karlsruhe/Baden-Baden - I-SEC","isPartOf":{"@id":"https://www.i-sec.com/de#website"},"datePublished":"2026-01-30T12:22:30+00:00","dateModified":"2026-01-30T12:49:45+00:00","breadcrumb":{"@id":"https://www.i-sec.com/de/jobs/ausgebildetes-luftsicherheitskontrollpersonal-m-w-d-2-copy-copy-3#breadcrumb"},"inLanguage":"de","potentialAction":[{"@type":"ReadAction","target":["https://www.i-sec.com/de/jobs/ausgebildetes-luftsicherheitskontrollpersonal-m-w-d-2-copy-copy-3"]}]},{"@type":"BreadcrumbList","@id":"https://www.i-sec.com/de/jobs/ausgebildetes-luftsicherheitskontrollpersonal-m-w-d-2-copy-copy-3#breadcrumb","itemListElement":[{"@type":"ListItem","position":1,"name":"Home","item":"https://www.i-sec.com/de"},{"@type":"ListItem","position":2,"name":"Jobs","item":"https://www.i-sec.com/de/jobs"},{"@type":"ListItem","position":3,"name":"Kaufmännische/n Sachbearbeiter/-in (w/m/d) in Teilzeit Karlsruhe/Baden-Baden"}]},{"@type":"WebSite","@id":"https://www.i-sec.com/de#website","url":"https://www.i-sec.com/de","name":"I-SEC","description":"","potentialAction":[{"@type":"SearchAction","target":{"@type":"EntryPoint","urlTemplate":"https://www.i-sec.com/de?s={search_term_string}"},"query-input":{"@type":"PropertyValueSpecification","valueRequired":true,"valueName":"search_term_string"}}],"inLanguage":"de"}]}</script>
<!-- / Yoast SEO plugin. -->

Kaufmännische/n Sachbearbeiter/-in (w/m/d) in Teilzeit Karlsruhe/Baden-Baden - I-SEC

Für unseren Standort Flughafen Karlsruhe Baden-Baden suchen wir zum nächstmöglichen Zeitpunkt eine/n Kaufmännische/n Sachbearbeiter/-in (w/m/d) in Teilzeit
