{"id":11630,"date":"2025-11-21T09:51:01","date_gmt":"2025-11-21T08:51:01","guid":{"rendered":"https:\/\/www.i-sec.com\/?post_type=vacancy&#038;p=11630"},"modified":"2025-11-21T10:05:08","modified_gmt":"2025-11-21T09:05:08","slug":"spezialist-betriebliches-gesundheitsmanagement-gm-manager-m-w-d-frankfurt-main","status":"publish","type":"vacancy","link":"https:\/\/www.i-sec.com\/de\/jobs\/spezialist-betriebliches-gesundheitsmanagement-gm-manager-m-w-d-frankfurt-main","title":{"rendered":"Spezialist Betriebliches Gesundheitsmanagement \/ GM-Manager (m\/w\/d) Frankfurt\/Main"},"content":{"rendered":"<p><strong>Die I-SEC-Gruppe ist auf die Durchf\u00fchrung von Luftsicherheitsdienstleistungen weltweit spezialisiert und hat ihren Hauptsitz in Amsterdam (NL). Als gr\u00f6\u00dfte Tochtergesellschaft, mit 2.600 Mitarbeitern, deckt die I-SEC Deutsche Luftsicherheit SE &amp; Co. KG das operative Gesch\u00e4ft an mehreren Flugh\u00e4fen in Deutschland ab. Unsere Mission ist die Gew\u00e4hrleistung der Luftsicherheit. Dabei umfasst unser Aufgabenbereich die Passagier- und Gep\u00e4ckkontrollen sowie die Absicherung der Flugh\u00e4fen.<\/strong><\/p>\n<p>&nbsp;<\/p>\n<p>F\u00fcr unseren Standort Frankfurt\/Main suchen wir zum n\u00e4chstm\u00f6glichen Zeitpunkt einen<\/p>\n<h3><strong>Spezialist Betriebliches Gesundheitsmanagement \/ GM-Manager (m\/w\/d)<\/strong><\/h3>\n<p>&nbsp;<\/p>\n<h3>DAS ERWARTET DICH BEI UNS:<\/h3>\n<ul>\n<li>Planung, Steuerung und \u00dcberwachung von Abl\u00e4ufen der unternehmensinternen Gesundheitsf\u00f6rderung und des Betrieblichen Gesundheitsmanagements (BGM)<\/li>\n<li>Eigenverantwortliche Durchf\u00fchrung des Betrieblichen Eingliederungsmanagements (BEM): Bearbeitung eines definierten Mitarbeiterpools, Organisation und Durchf\u00fchrung von BEM-Gespr\u00e4chen, Nachkontrolle, Monitoring, Dokumentation und Prognoseerstellung<\/li>\n<li>Beratung bei der Entwicklung und Implementierung von Ma\u00dfnahmen und Strategien zur Gesundheitsf\u00f6rderung und Pr\u00e4vention<\/li>\n<li>Erstellung von Gesundheitsberichten und Evaluation der Ma\u00dfnahmen<\/li>\n<li>Unterst\u00fctzung bei der Zuarbeit von HR-Daten sowie bei der Ablage und Erstellung von Akten, Auswertungen und Statistiken (z. B. mit Rexx, Atoss)<\/li>\n<li>Sicherstellung der Einhaltung und Umsetzung von QM-Standards im Gesundheitsmanagement sowie Erarbeitung einheitlicher Dokumentationen, Prozessbeschreibungen und Richtlinien<\/li>\n<li>Ganzheitliche Betreuung der Mitarbeitenden in Fragen der Gesunderhaltung<\/li>\n<li>Zusammenarbeit mit internen Schnittstellen (z. B. HR, Dienstplanung, Lohnbuchhaltung, Management, Betriebsrat) und externen Partnern (z. B. Krankenkassen, Reha-Einrichtungen, Berufsgenossenschaft, Integrationsfachdienst, Agentur f\u00fcr Arbeit)<\/li>\n<li>Mitwirkung bei der Analyse des Unfallgeschehens und Beratung zu Ma\u00dfnahmen der Arbeitssicherheit<\/li>\n<li>Implementierung von Ma\u00dfnahmen zur Reduzierung der Arbeitsunf\u00e4higkeitszeiten und zur Kosteneinsparung<\/li>\n<li>Sicherstellung einer verl\u00e4sslichen und hochwertigen Dienstleistungserbringung und Qualit\u00e4tssicherung<\/li>\n<\/ul>\n<p>&nbsp;<\/p>\n<h3>DAMIT \u00dcBERZEUGST DU UNS:<\/h3>\n<ul>\n<li>Abgeschlossene Ausbildung oder Studium im relevanten Bereich (z. B. Gesundheitsmanagement, Personalmanagement oder vergleichbar)<\/li>\n<li>Erfahrung im Betrieblichen Gesundheitsmanagement und\/oder Betrieblichen Eingliederungsmanagement w\u00fcnschenswert<\/li>\n<li>Ausgepr\u00e4gte psychische Belastbarkeit und Resilienz<\/li>\n<li>Einf\u00fchlungsverm\u00f6gen sowie absolute Verschwiegenheit und Diskretion<\/li>\n<li>Kommunikations- und \u00dcberzeugungsf\u00e4higkeit sowie Kenntnisse in Gespr\u00e4chsf\u00fchrung<\/li>\n<li>Strukturierte, selbst\u00e4ndige und sorgf\u00e4ltige Arbeitsweise<\/li>\n<li>Sicherer Umgang mit g\u00e4ngigen HR-Tools und Software (z. B. Rexx, Atoss)<\/li>\n<li>Teamf\u00e4higkeit und Bereitschaft zur kooperativen Zusammenarbeit mit verschiedenen internen und externen Partnern<\/li>\n<li>Hohes Qualit\u00e4tsbewusstsein und Serviceorientierung<\/li>\n<\/ul>\n<p>&nbsp;<\/p>\n<h3>DARAUF KANNST DU DICH FREUEN:<\/h3>\n<ul>\n<li><strong>SORGLOS<\/strong>\u00a0&#8211; Ein zukunftssicherer Job mit unbefristetem Arbeitsvertrag<\/li>\n<li><strong>WORK LIFE BALANCE<\/strong>\u00a0&#8211; Sichere dir 30 Tage Urlaub direkt zu Beginn und verplane sie individuell<\/li>\n<li><strong>MOBILITY<\/strong>\u00a0&#8211; Deutschlandticket<\/li>\n<li><strong>DIENSTRAD<\/strong>\u00a0&#8211; Ob f\u00fcr den t\u00e4glichen Weg ins B\u00fcro oder f\u00fcr Freizeitabenteuer. Nutze unser Angebot f\u00fcr g\u00fcnstiges Bike-Leasing (bei einem unbefristeten Arbeitsvertrag)<\/li>\n<li><strong>CORPORATE BENEFITS<\/strong>\u00a0&#8211; Das Vorteilsportal f\u00fcr Mitarbeitende mit attraktiven Angeboten von starken Marken<\/li>\n<li><strong>ONBOARDING<\/strong>\u00a0&#8211; Wir nehmen dich an die Hand und f\u00fchren dich ins Unternehmen ein mit dem Ziel der pers\u00f6nlichen und beruflichen Weiterentwicklung<\/li>\n<li><strong>EVENTS<\/strong>\u00a0&#8211; Sommerfest, Weihnachtsfeier, regelm\u00e4\u00dfige Events &#8211; sei dabei!<\/li>\n<li><strong>GETR\u00c4NKE FLAT<\/strong>\u00a0&#8211; Kaffee, Tee, Kakao und Wasser oder eine warme Br\u00fche 24\/7<\/li>\n<li>Lass dich\u00a0<strong>FAIRF\u00dcHREN<\/strong>\u00a0&#8211; Durch eine kollegiale und teamorientierte Arbeitsatmosph\u00e4re mit flachen Hierarchien und Du-Kultur auf allen Ebenen<\/li>\n<\/ul>\n<p>&nbsp;<\/p>\n<h3>KLINGT INTERESSANT F\u00dcR DICH?<\/h3>\n<p>Dann sende uns deine Bewerbungsunterlagen (Anschreiben, Lebenslauf, Zeugnisse als PDF) mit deinem Gehaltswunsch und deiner Verf\u00fcgbarkeit unter der<\/p>\n<p>Referenzbezeichnung. <strong>GM_FRA_1125<\/strong>\u00a0per E-Mail an\u00a0<a href=\"mailto:bewerbung-hq@i-sec.com\" rel=\"nofollow\" data-atx-onclick-payload=\"{&quot;linkName&quot;:&quot;EmailAddressClick&quot;,&quot;eventName&quot;:[&quot;applyIntention&quot;],&quot;applyButtonPlacement&quot;:&quot;EmailAddress_Click&quot;}\">bewerbung-hq@i-sec.com<\/a><\/p>\n<p>&nbsp;<\/p>\n","protected":false},"excerpt":{"rendered":"<p>F\u00fcr unseren Standort Frankfurt suchen wir zum n\u00e4chstm\u00f6glichen Zeitpunkt einen Spezialist Betriebliches Gesundheitsmanagement \/ GM-Manager (m\/w\/d)<\/p>\n","protected":false},"featured_media":0,"template":"","meta":{"_acf_changed":false},"class_list":["post-11630","vacancy","type-vacancy","status-publish","hentry"],"acf":[],"yoast_head":"<!-- This site is optimized with the Yoast SEO plugin v26.9 - https:\/\/yoast.com\/product\/yoast-seo-wordpress\/ -->\n<title>Spezialist Betriebliches Gesundheitsmanagement \/ GM-Manager (m\/w\/d) Frankfurt\/Main - I-SEC<\/title>\n<meta name=\"robots\" content=\"index, follow, max-snippet:-1, max-image-preview:large, max-video-preview:-1\" \/>\n<link rel=\"canonical\" href=\"https:\/\/www.i-sec.com\/de\/jobs\/spezialist-betriebliches-gesundheitsmanagement-gm-manager-m-w-d-frankfurt-main\" \/>\n<meta property=\"og:locale\" content=\"de_DE\" \/>\n<meta property=\"og:type\" content=\"article\" \/>\n<meta property=\"og:title\" content=\"Spezialist Betriebliches Gesundheitsmanagement \/ GM-Manager (m\/w\/d) Frankfurt\/Main - I-SEC\" \/>\n<meta property=\"og:description\" content=\"F\u00fcr unseren Standort Frankfurt suchen wir zum n\u00e4chstm\u00f6glichen Zeitpunkt einen Spezialist Betriebliches Gesundheitsmanagement \/ GM-Manager (m\/w\/d)\" \/>\n<meta property=\"og:url\" content=\"https:\/\/www.i-sec.com\/de\/jobs\/spezialist-betriebliches-gesundheitsmanagement-gm-manager-m-w-d-frankfurt-main\" \/>\n<meta property=\"og:site_name\" content=\"I-SEC\" \/>\n<meta property=\"article:modified_time\" content=\"2025-11-21T09:05:08+00:00\" \/>\n<meta name=\"twitter:card\" content=\"summary_large_image\" \/>\n<meta name=\"twitter:label1\" content=\"Gesch\u00e4tzte Lesezeit\" \/>\n\t<meta name=\"twitter:data1\" content=\"3\u00a0Minuten\" \/>\n<script type=\"application\/ld+json\" class=\"yoast-schema-graph\">{\"@context\":\"https:\/\/schema.org\",\"@graph\":[{\"@type\":\"WebPage\",\"@id\":\"https:\/\/www.i-sec.com\/de\/jobs\/spezialist-betriebliches-gesundheitsmanagement-gm-manager-m-w-d-frankfurt-main\",\"url\":\"https:\/\/www.i-sec.com\/de\/jobs\/spezialist-betriebliches-gesundheitsmanagement-gm-manager-m-w-d-frankfurt-main\",\"name\":\"Spezialist Betriebliches Gesundheitsmanagement \/ GM-Manager (m\/w\/d) Frankfurt\/Main - I-SEC\",\"isPartOf\":{\"@id\":\"https:\/\/www.i-sec.com\/de#website\"},\"datePublished\":\"2025-11-21T08:51:01+00:00\",\"dateModified\":\"2025-11-21T09:05:08+00:00\",\"breadcrumb\":{\"@id\":\"https:\/\/www.i-sec.com\/de\/jobs\/spezialist-betriebliches-gesundheitsmanagement-gm-manager-m-w-d-frankfurt-main#breadcrumb\"},\"inLanguage\":\"de\",\"potentialAction\":[{\"@type\":\"ReadAction\",\"target\":[\"https:\/\/www.i-sec.com\/de\/jobs\/spezialist-betriebliches-gesundheitsmanagement-gm-manager-m-w-d-frankfurt-main\"]}]},{\"@type\":\"BreadcrumbList\",\"@id\":\"https:\/\/www.i-sec.com\/de\/jobs\/spezialist-betriebliches-gesundheitsmanagement-gm-manager-m-w-d-frankfurt-main#breadcrumb\",\"itemListElement\":[{\"@type\":\"ListItem\",\"position\":1,\"name\":\"Home\",\"item\":\"https:\/\/www.i-sec.com\/de\"},{\"@type\":\"ListItem\",\"position\":2,\"name\":\"Jobs\",\"item\":\"https:\/\/www.i-sec.com\/de\/jobs\"},{\"@type\":\"ListItem\",\"position\":3,\"name\":\"Spezialist Betriebliches Gesundheitsmanagement \/ GM-Manager (m\/w\/d) Frankfurt\/Main\"}]},{\"@type\":\"WebSite\",\"@id\":\"https:\/\/www.i-sec.com\/de#website\",\"url\":\"https:\/\/www.i-sec.com\/de\",\"name\":\"I-SEC\",\"description\":\"\",\"potentialAction\":[{\"@type\":\"SearchAction\",\"target\":{\"@type\":\"EntryPoint\",\"urlTemplate\":\"https:\/\/www.i-sec.com\/de?s={search_term_string}\"},\"query-input\":{\"@type\":\"PropertyValueSpecification\",\"valueRequired\":true,\"valueName\":\"search_term_string\"}}],\"inLanguage\":\"de\"}]}<\/script>\n<!-- \/ Yoast SEO plugin. -->","yoast_head_json":{"title":"Spezialist Betriebliches Gesundheitsmanagement \/ GM-Manager (m\/w\/d) Frankfurt\/Main - I-SEC","robots":{"index":"index","follow":"follow","max-snippet":"max-snippet:-1","max-image-preview":"max-image-preview:large","max-video-preview":"max-video-preview:-1"},"canonical":"https:\/\/www.i-sec.com\/de\/jobs\/spezialist-betriebliches-gesundheitsmanagement-gm-manager-m-w-d-frankfurt-main","og_locale":"de_DE","og_type":"article","og_title":"Spezialist Betriebliches Gesundheitsmanagement \/ GM-Manager (m\/w\/d) Frankfurt\/Main - I-SEC","og_description":"F\u00fcr unseren Standort Frankfurt suchen wir zum n\u00e4chstm\u00f6glichen Zeitpunkt einen Spezialist Betriebliches Gesundheitsmanagement \/ GM-Manager (m\/w\/d)","og_url":"https:\/\/www.i-sec.com\/de\/jobs\/spezialist-betriebliches-gesundheitsmanagement-gm-manager-m-w-d-frankfurt-main","og_site_name":"I-SEC","article_modified_time":"2025-11-21T09:05:08+00:00","twitter_card":"summary_large_image","twitter_misc":{"Gesch\u00e4tzte Lesezeit":"3\u00a0Minuten"},"schema":{"@context":"https:\/\/schema.org","@graph":[{"@type":"WebPage","@id":"https:\/\/www.i-sec.com\/de\/jobs\/spezialist-betriebliches-gesundheitsmanagement-gm-manager-m-w-d-frankfurt-main","url":"https:\/\/www.i-sec.com\/de\/jobs\/spezialist-betriebliches-gesundheitsmanagement-gm-manager-m-w-d-frankfurt-main","name":"Spezialist Betriebliches Gesundheitsmanagement \/ GM-Manager (m\/w\/d) Frankfurt\/Main - I-SEC","isPartOf":{"@id":"https:\/\/www.i-sec.com\/de#website"},"datePublished":"2025-11-21T08:51:01+00:00","dateModified":"2025-11-21T09:05:08+00:00","breadcrumb":{"@id":"https:\/\/www.i-sec.com\/de\/jobs\/spezialist-betriebliches-gesundheitsmanagement-gm-manager-m-w-d-frankfurt-main#breadcrumb"},"inLanguage":"de","potentialAction":[{"@type":"ReadAction","target":["https:\/\/www.i-sec.com\/de\/jobs\/spezialist-betriebliches-gesundheitsmanagement-gm-manager-m-w-d-frankfurt-main"]}]},{"@type":"BreadcrumbList","@id":"https:\/\/www.i-sec.com\/de\/jobs\/spezialist-betriebliches-gesundheitsmanagement-gm-manager-m-w-d-frankfurt-main#breadcrumb","itemListElement":[{"@type":"ListItem","position":1,"name":"Home","item":"https:\/\/www.i-sec.com\/de"},{"@type":"ListItem","position":2,"name":"Jobs","item":"https:\/\/www.i-sec.com\/de\/jobs"},{"@type":"ListItem","position":3,"name":"Spezialist Betriebliches Gesundheitsmanagement \/ GM-Manager (m\/w\/d) Frankfurt\/Main"}]},{"@type":"WebSite","@id":"https:\/\/www.i-sec.com\/de#website","url":"https:\/\/www.i-sec.com\/de","name":"I-SEC","description":"","potentialAction":[{"@type":"SearchAction","target":{"@type":"EntryPoint","urlTemplate":"https:\/\/www.i-sec.com\/de?s={search_term_string}"},"query-input":{"@type":"PropertyValueSpecification","valueRequired":true,"valueName":"search_term_string"}}],"inLanguage":"de"}]}},"_links":{"self":[{"href":"https:\/\/www.i-sec.com\/de\/wp-json\/wp\/v2\/vacancy\/11630","targetHints":{"allow":["GET"]}}],"collection":[{"href":"https:\/\/www.i-sec.com\/de\/wp-json\/wp\/v2\/vacancy"}],"about":[{"href":"https:\/\/www.i-sec.com\/de\/wp-json\/wp\/v2\/types\/vacancy"}],"wp:attachment":[{"href":"https:\/\/www.i-sec.com\/de\/wp-json\/wp\/v2\/media?parent=11630"}],"curies":[{"name":"wp","href":"https:\/\/api.w.org\/{rel}","templated":true}]}}

<p><strong>Die I-SEC-Gruppe ist auf die Durchführung von Luftsicherheitsdienstleistungen weltweit spezialisiert und hat ihren Hauptsitz in Amsterdam (NL). Als größte Tochtergesellschaft, mit 2.600 Mitarbeitern, deckt die I-SEC Deutsche Luftsicherheit SE &amp; Co. KG das operative Geschäft an mehreren Flughäfen in Deutschland ab. Unsere Mission ist die Gewährleistung der Luftsicherheit. Dabei umfasst unser Aufgabenbereich die Passagier- und Gepäckkontrollen sowie die Absicherung der Flughäfen.</strong></p>
<p>&nbsp;</p>
<p>Für unseren Standort Frankfurt/Main suchen wir zum nächstmöglichen Zeitpunkt einen</p>
<h3><strong>Spezialist Betriebliches Gesundheitsmanagement / GM-Manager (m/w/d)</strong></h3>
<p>&nbsp;</p>
<h3>DAS ERWARTET DICH BEI UNS:</h3>
<ul>
<li>Planung, Steuerung und Überwachung von Abläufen der unternehmensinternen Gesundheitsförderung und des Betrieblichen Gesundheitsmanagements (BGM)</li>
<li>Eigenverantwortliche Durchführung des Betrieblichen Eingliederungsmanagements (BEM): Bearbeitung eines definierten Mitarbeiterpools, Organisation und Durchführung von BEM-Gesprächen, Nachkontrolle, Monitoring, Dokumentation und Prognoseerstellung</li>
<li>Beratung bei der Entwicklung und Implementierung von Maßnahmen und Strategien zur Gesundheitsförderung und Prävention</li>
<li>Erstellung von Gesundheitsberichten und Evaluation der Maßnahmen</li>
<li>Unterstützung bei der Zuarbeit von HR-Daten sowie bei der Ablage und Erstellung von Akten, Auswertungen und Statistiken (z. B. mit Rexx, Atoss)</li>
<li>Sicherstellung der Einhaltung und Umsetzung von QM-Standards im Gesundheitsmanagement sowie Erarbeitung einheitlicher Dokumentationen, Prozessbeschreibungen und Richtlinien</li>
<li>Ganzheitliche Betreuung der Mitarbeitenden in Fragen der Gesunderhaltung</li>
<li>Zusammenarbeit mit internen Schnittstellen (z. B. HR, Dienstplanung, Lohnbuchhaltung, Management, Betriebsrat) und externen Partnern (z. B. Krankenkassen, Reha-Einrichtungen, Berufsgenossenschaft, Integrationsfachdienst, Agentur für Arbeit)</li>
<li>Mitwirkung bei der Analyse des Unfallgeschehens und Beratung zu Maßnahmen der Arbeitssicherheit</li>
<li>Implementierung von Maßnahmen zur Reduzierung der Arbeitsunfähigkeitszeiten und zur Kosteneinsparung</li>
<li>Sicherstellung einer verlässlichen und hochwertigen Dienstleistungserbringung und Qualitätssicherung</li>
</ul>
<p>&nbsp;</p>
<h3>DAMIT ÜBERZEUGST DU UNS:</h3>
<ul>
<li>Abgeschlossene Ausbildung oder Studium im relevanten Bereich (z. B. Gesundheitsmanagement, Personalmanagement oder vergleichbar)</li>
<li>Erfahrung im Betrieblichen Gesundheitsmanagement und/oder Betrieblichen Eingliederungsmanagement wünschenswert</li>
<li>Ausgeprägte psychische Belastbarkeit und Resilienz</li>
<li>Einfühlungsvermögen sowie absolute Verschwiegenheit und Diskretion</li>
<li>Kommunikations- und Überzeugungsfähigkeit sowie Kenntnisse in Gesprächsführung</li>
<li>Strukturierte, selbständige und sorgfältige Arbeitsweise</li>
<li>Sicherer Umgang mit gängigen HR-Tools und Software (z. B. Rexx, Atoss)</li>
<li>Teamfähigkeit und Bereitschaft zur kooperativen Zusammenarbeit mit verschiedenen internen und externen Partnern</li>
<li>Hohes Qualitätsbewusstsein und Serviceorientierung</li>
</ul>
<p>&nbsp;</p>
<h3>DARAUF KANNST DU DICH FREUEN:</h3>
<ul>
<li><strong>SORGLOS</strong> &#8211; Ein zukunftssicherer Job mit unbefristetem Arbeitsvertrag</li>
<li><strong>WORK LIFE BALANCE</strong> &#8211; Sichere dir 30 Tage Urlaub direkt zu Beginn und verplane sie individuell</li>
<li><strong>MOBILITY</strong> &#8211; Deutschlandticket</li>
<li><strong>DIENSTRAD</strong> &#8211; Ob für den täglichen Weg ins Büro oder für Freizeitabenteuer. Nutze unser Angebot für günstiges Bike-Leasing (bei einem unbefristeten Arbeitsvertrag)</li>
<li><strong>CORPORATE BENEFITS</strong> &#8211; Das Vorteilsportal für Mitarbeitende mit attraktiven Angeboten von starken Marken</li>
<li><strong>ONBOARDING</strong> &#8211; Wir nehmen dich an die Hand und führen dich ins Unternehmen ein mit dem Ziel der persönlichen und beruflichen Weiterentwicklung</li>
<li><strong>EVENTS</strong> &#8211; Sommerfest, Weihnachtsfeier, regelmäßige Events &#8211; sei dabei!</li>
<li><strong>GETRÄNKE FLAT</strong> &#8211; Kaffee, Tee, Kakao und Wasser oder eine warme Brühe 24/7</li>
<li>Lass dich <strong>FAIRFÜHREN</strong> &#8211; Durch eine kollegiale und teamorientierte Arbeitsatmosphäre mit flachen Hierarchien und Du-Kultur auf allen Ebenen</li>
</ul>
<p>&nbsp;</p>
<h3>KLINGT INTERESSANT FÜR DICH?</h3>
<p>Dann sende uns deine Bewerbungsunterlagen (Anschreiben, Lebenslauf, Zeugnisse als PDF) mit deinem Gehaltswunsch und deiner Verfügbarkeit unter der</p>
<p>Referenzbezeichnung. <strong>GM_FRA_1125</strong> per E-Mail an <a href="mailto:bewerbung-hq@i-sec.com" rel="nofollow" data-atx-onclick-payload="{&quot;linkName&quot;:&quot;EmailAddressClick&quot;,&quot;eventName&quot;:[&quot;applyIntention&quot;],&quot;applyButtonPlacement&quot;:&quot;EmailAddress_Click&quot;}">bewerbung-hq@i-sec.com</a></p>
<p>&nbsp;</p>

<p>Für unseren Standort Frankfurt suchen wir zum nächstmöglichen Zeitpunkt einen Spezialist Betriebliches Gesundheitsmanagement / GM-Manager (m/w/d)</p>

<!-- This site is optimized with the Yoast SEO plugin v26.9 - https://yoast.com/product/yoast-seo-wordpress/ -->
<title>Spezialist Betriebliches Gesundheitsmanagement / GM-Manager (m/w/d) Frankfurt/Main - I-SEC</title>
<meta name="robots" content="index, follow, max-snippet:-1, max-image-preview:large, max-video-preview:-1" />
<link rel="canonical" href="https://www.i-sec.com/de/jobs/spezialist-betriebliches-gesundheitsmanagement-gm-manager-m-w-d-frankfurt-main" />
<meta property="og:locale" content="de_DE" />
<meta property="og:type" content="article" />
<meta property="og:title" content="Spezialist Betriebliches Gesundheitsmanagement / GM-Manager (m/w/d) Frankfurt/Main - I-SEC" />
<meta property="og:description" content="Für unseren Standort Frankfurt suchen wir zum nächstmöglichen Zeitpunkt einen Spezialist Betriebliches Gesundheitsmanagement / GM-Manager (m/w/d)" />
<meta property="og:url" content="https://www.i-sec.com/de/jobs/spezialist-betriebliches-gesundheitsmanagement-gm-manager-m-w-d-frankfurt-main" />
<meta property="og:site_name" content="I-SEC" />
<meta property="article:modified_time" content="2025-11-21T09:05:08+00:00" />
<meta name="twitter:card" content="summary_large_image" />
<meta name="twitter:label1" content="Geschätzte Lesezeit" />
	<meta name="twitter:data1" content="3 Minuten" />
<script type="application/ld+json" class="yoast-schema-graph">{"@context":"https://schema.org","@graph":[{"@type":"WebPage","@id":"https://www.i-sec.com/de/jobs/spezialist-betriebliches-gesundheitsmanagement-gm-manager-m-w-d-frankfurt-main","url":"https://www.i-sec.com/de/jobs/spezialist-betriebliches-gesundheitsmanagement-gm-manager-m-w-d-frankfurt-main","name":"Spezialist Betriebliches Gesundheitsmanagement / GM-Manager (m/w/d) Frankfurt/Main - I-SEC","isPartOf":{"@id":"https://www.i-sec.com/de#website"},"datePublished":"2025-11-21T08:51:01+00:00","dateModified":"2025-11-21T09:05:08+00:00","breadcrumb":{"@id":"https://www.i-sec.com/de/jobs/spezialist-betriebliches-gesundheitsmanagement-gm-manager-m-w-d-frankfurt-main#breadcrumb"},"inLanguage":"de","potentialAction":[{"@type":"ReadAction","target":["https://www.i-sec.com/de/jobs/spezialist-betriebliches-gesundheitsmanagement-gm-manager-m-w-d-frankfurt-main"]}]},{"@type":"BreadcrumbList","@id":"https://www.i-sec.com/de/jobs/spezialist-betriebliches-gesundheitsmanagement-gm-manager-m-w-d-frankfurt-main#breadcrumb","itemListElement":[{"@type":"ListItem","position":1,"name":"Home","item":"https://www.i-sec.com/de"},{"@type":"ListItem","position":2,"name":"Jobs","item":"https://www.i-sec.com/de/jobs"},{"@type":"ListItem","position":3,"name":"Spezialist Betriebliches Gesundheitsmanagement / GM-Manager (m/w/d) Frankfurt/Main"}]},{"@type":"WebSite","@id":"https://www.i-sec.com/de#website","url":"https://www.i-sec.com/de","name":"I-SEC","description":"","potentialAction":[{"@type":"SearchAction","target":{"@type":"EntryPoint","urlTemplate":"https://www.i-sec.com/de?s={search_term_string}"},"query-input":{"@type":"PropertyValueSpecification","valueRequired":true,"valueName":"search_term_string"}}],"inLanguage":"de"}]}</script>
<!-- / Yoast SEO plugin. -->

Für unseren Standort Frankfurt suchen wir zum nächstmöglichen Zeitpunkt einen Spezialist Betriebliches Gesundheitsmanagement / GM-Manager (m/w/d)
